it of 149219?
2
What is the thousands digit of 1752354?
2
What is the hundred thousands digit of 782823?
7
What is the tens digit of 108945?
4
What is the units digit of 419156?
6
What is the ten thousands digit of 153328?
5
What is the units digit of 157045?
5
What is the tens digit of 93575?
7
What is the ten thousands digit of 318077?
1
What is the tens digit of 1349185?
8
What is the millions digit of 10504534?
0
What is the tens digit of 270667?
6
What is the thousands digit of 521532?
1
What is the tens digit of 5978916?
1
What is the hundreds digit of 355999?
9
What is the hundred thousands digit of 17581743?
5
What is the tens digit of 17215182?
8
What is the millions digit of 8121630?
8
What is the ten thousands digit of 623558?
2
What is the tens digit of 4190029?
2
What is the hundreds digit of 2968905?
9
What is the units digit of 2468484?
4
What is the hundreds digit of 3816007?
0
What is the units digit of 26040587?
7
What is the hundreds digit of 1101415?
4
What is the millions digit of 2632291?
2
What is the ten thousands digit of 425429?
2
What is the units digit of 86315?
5
What is the thousands digit of 232273?
2
What is the units digit of 625685?
5
What is the hundred thousands digit of 242892?
2
What is the tens digit of 42722?
2
What is the ten thousands digit of 2098559?
9
What is the hundreds digit of 2704959?
9
What is the hundreds digit of 131167?
1
What is the thousands digit of 4307083?
7
What is the units digit of 4671260?
0
What is the hundred thousands digit of 3176653?
1
What is the hundred thousands digit of 106509?
1
What is the hundreds digit of 172969?
9
What is the ten thousands digit of 15335118?
3
What is the hundreds digit of 14393265?
2
What is the millions digit of 6931066?
6
What is the millions digit of 2803904?
2
What is the ten thousands digit of 118722?
1
What is the millions digit of 5411518?
5
What is the hundred thousands digit of 193138?
1
What is the hundreds digit of 4932830?
8
What is the thousands digit of 5107233?
7
What is the units digit of 59821?
1
What is the hundred thousands digit of 5166404?
1
What is the tens digit of 1088037?
3
What is the hundreds digit of 899416?
4
What is the units digit of 135572?
2
What is the thousands digit of 439042?
9
What is the thousands digit of 1235007?
5
What is the hundred thousands digit of 5497118?
4
What is the thousands digit of 115321?
5
What is the ten thousands digit of 6920336?
2
What is the hundreds digit of 885154?
1
What is the hundreds digit of 5483518?
5
What is the millions digit of 14666714?
4
What is the tens digit of 54447?
4
What is the hundreds digit of 4335608?
6
What is the thousands digit of 124524?
4
What is the units digit of 269232?
2
What is the hundreds digit of 20393386?
3
What is the units digit of 5491142?
2
What is the ten millions digit of 10367042?
1
What is the ten thousands digit of 10565?
1
What is the units digit of 1184006?
6
What is the ten thousands digit of 2292397?
9
What is the tens digit of 2483262?
6
What is the tens digit of 1727095?
9
What is the ten thousands digit of 895162?
9
What is the ten thousands digit of 1859575?
5
What is the ten thousands digit of 91321?
9
What is the units digit of 1998590?
0
What is the hundred thousands digit of 17201415?
2
What is the ten thousands digit of 199122?
9
What is the units digit of 1080275?
5
What is the thousands digit of 10200224?
0
What is the units digit of 669191?
1
What is the ten thousands digit of 3796237?
9
What is the hundred thousands digit of 210519?
2
What is the hundreds digit of 260482?
4
What is the thousands digit of 3065605?
5
What is the tens digit of 17940786?
8
What is the tens digit of 2165789?
8
What is the units digit of 1653971?
1
What is the millions digit of 9230641?
9
What is the millions digit of 1112856?
1
What is the ten thousands digit of 30037039?
3
What is the hundred thousands digit of 11109066?
1
What is the ten thousands digit of 190060?
9
What is the thousands digit of 163038?
3
What is the tens digit of 108008?
0
What is the thousands digit of 986758?
6
What is the tens digit of 277828?
2
What is the units digit of 394224?
4
What is the millions digit of 4635135?
4
What is the hundred thousands digit of 10450727?
4
What is the tens digit of 29777?
7
What is the ten thousands digit of 110961?
1
What is the units digit of 1392124?
4
What is the thousands digit of 479733?
9
What is the hundreds digit of 3123990?
9
What is the thousands digit of 1386472?
6
What is the millions digit of 9161049?
9
What is the hundred thousands digit of 1207654?
2
What is the hundreds digit of 769790?
7
What is the millions digit of 3664068?
3
What is the hundred thousands digit of 235237?
2
What is the millions digit of 3392182?
3
What is the hundreds digit of 5199852?
8
What is the hundred thousands digit of 369048?
3
What is the hundred thousands digit of 202416?
2
What is the ten millions digit of 19993070?
1
What is the hundred thousands digit of 11646232?
6
What is the hundreds digit of 5843231?
2
What is the units digit of 188331?
1
What is the units digit of 1115874?
4
What is the ten thousands digit of 1090199?
9
What is the thousands digit of 8021022?
1
What is the thousands digit of 423376?
3
What is the ten millions digit of 11583805?
1
What is the millions digit of 2758582?
2
What is the millions digit of 6239658?
6
What is the ten thousands digit of 362322?
6
What is the tens digit of 1668434?
3
What is the hundreds digit of 6529402?
4
What is the millions digit of 1025859?
1
What is the tens digit of 442964?
6
What is the thousands digit of 99591?
9
What is the ten thousands digit of 950167?
5
What is the ten thousands digit of 223093?
2
What is the units digit of 734275?
5
What is the units digit of 22663?
3
What is the hundreds digit of 2674917?
9
What is the units digit of 405847?
7
What is the thousands digit of 1048697?
8
What is the hundred thousands digit of 5864779?
8
What is the hundreds digit of 211045?
0
What is the hundred thousands digit of 793128?
7
What is the units digit of 492622?
2
What is the ten thousands digit of 7622076?
2
What is the tens digit of 180351?
5
What is the millions digit of 2644613?
2
What is the hundred thousands digit of 1557773?
5
What is the ten millions digit of 11820793?
1
What is the hundred thousands digit of 2423180?
4
What is the hundred thousands digit of 24680002?
6
What is the units digit of 15127277?
7
What is the ten millions digit of 11729231?
1
What is the units digit of 371151?
1
What is the ten millions digit of 10685286?
1
What is the thousands digit of 226696?
6
What is the thousands digit of 4702088?
2
What is the thousands digit of 1140361?
0
What is the tens digit of 80273?
7
What is the units digit of 242345?
5
What is the units digit of 5148229?
9
What is the units digit of 224085?
5
What is the ten thousands digit of 1958738?
5
What is the tens digit of 405237?
3
What is the hundred thousands digit of 2469324?
4
What is the ten thousands digit of 9713394?
1
What is the ten thousands digit of 7434357?
3
What is the units digit of 15104436?
6
What is the hundred thousands digit of 1092757?
0
What is the ten thousands digit of 1961944?
6
What is the hundreds digit of 31299381?
3
What is the units digit of 1255287?
7
What is the hundred thousands digit of 171113?
1
What is the units digit of 511505?
5
What is the hundred thousands digit of 195937?
1
What is the hundreds digit of 5695857?
8
What is the units digit of 2372636?
6
What is the hundred thousands digit of 245854?
2
What is the ten thousands digit of 8745102?
4
What is the thousands digit of 477790?
7
What is the tens digit of 1682433?
3
What is the units digit of 110226?
6
What is the hundred thousands digit of 3286647?
2
What is the thousands digit of 348609?
8
What is the thousands digit of 253998?
3
What is the hundred thousands digit of 827882?
8
What is the ten thousands digit of 3591119?
9
What is the millions digit of 16422431?
6
What is the tens digit of 152776?
7
What is the hundred thousands digit of 1104321?
1
What is the tens digit of 643833?
3
What is the millions digit of 9193814?
9
What is the hundred thousands digit of 528219?
5
What is the thousands digit of 8725847?
5
What is the thousand